git of 1866?
8
What is the ten thousands digit of 102353?
0
What is the hundreds digit of 4387?
3
What is the units digit of 2396?
6
What is the hundreds digit of 414?
4
What is the hundreds digit of 2684?
6
What is the thousands digit of 20769?
0
What is the tens digit of 30785?
8
What is the hundreds digit of 64738?
7
What is the hundreds digit of 51786?
7
What is the thousands digit of 1288?
1
What is the thousands digit of 16856?
6
What is the hundreds digit of 12403?
4
What is the tens digit of 2248?
4
What is the hundreds digit of 7187?
1
What is the tens digit of 12694?
9
What is the thousands digit of 4123?
4
What is the hundreds digit of 3811?
8
What is the tens digit of 8328?
2
What is the ten thousands digit of 61606?
6
What is the units digit of 98327?
7
What is the units digit of 4715?
5
What is the hundreds digit of 1045?
0
What is the ten thousands digit of 34069?
3
What is the thousands digit of 2728?
2
What is the hundreds digit of 797?
7
What is the hundreds digit of 1344?
3
What is the units digit of 27050?
0
What is the thousands digit of 4192?
4
What is the units digit of 62?
2
What is the tens digit of 113853?
5
What is the hundreds digit of 1336?
3
What is the tens digit of 1003?
0
What is the hundreds digit of 192058?
0
What is the hundreds digit of 62436?
4
What is the units digit of 4201?
1
What is the units digit of 1572?
2
What is the hundred thousands digit of 190104?
1
What is the hundreds digit of 772?
7
What is the hundreds digit of 473?
4
What is the thousands digit of 28430?
8
What is the units digit of 464?
4
What is the units digit of 7569?
9
What is the hundreds digit of 9944?
9
What is the thousands digit of 27104?
7
What is the tens digit of 2045?
4
What is the thousands digit of 20000?
0
What is the units digit of 149259?
9
What is the units digit of 1423?
3
What is the hundreds digit of 18725?
7
What is the thousands digit of 14735?
4
What is the hundreds digit of 2693?
6
What is the ten thousands digit of 11111?
1
What is the hundreds digit of 2986?
9
What is the thousands digit of 12827?
2
What is the thousands digit of 28927?
8
What is the units digit of 158?
8
What is the hundreds digit of 964?
9
What is the tens digit of 5569?
6
What is the units digit of 4715?
5
What is the thousands digit of 3676?
3
What is the ten thousands digit of 10253?
1
What is the ten thousands digit of 44918?
4
What is the hundreds digit of 883?
8
What is the units digit of 46418?
8
What is the ten thousands digit of 118335?
1
What is the hundreds digit of 223?
2
What is the tens digit of 59499?
9
What is the hundreds digit of 37677?
6
What is the units digit of 8759?
9
What is the units digit of 4637?
7
What is the ten thousands digit of 46220?
4
What is the units digit of 4950?
0
What is the hundreds digit of 23922?
9
What is the tens digit of 71133?
3
What is the units digit of 1759?
9
What is the units digit of 1576?
6
What is the tens digit of 36841?
4
What is the tens digit of 1549?
4
What is the units digit of 663?
3
What is the tens digit of 466?
6
What is the tens digit of 278?
7
What is the tens digit of 104962?
6
What is the hundreds digit of 1004?
0
What is the tens digit of 28007?
0
What is the hundreds digit of 93983?
9
What is the units digit of 1269?
9
What is the hundreds digit of 38347?
3
What is the thousands digit of 3942?
3
What is the thousands digit of 1758?
1
What is the thousands digit of 5521?
5
What is the units digit of 12157?
7
What is the units digit of 1295?
5
What is the hundreds digit of 2480?
4
What is the units digit of 406?
6
What is the units digit of 945?
5
What is the units digit of 11597?
7
What is the units digit of 4672?
2
What is the units digit of 43?
3
What is the tens digit of 186348?
4
What is the hundreds digit of 26032?
0
What is the hundreds digit of 4106?
1
What is the units digit of 2429?
9
What is the tens digit of 8356?
5
What is the units digit of 1112?
2
What is the tens digit of 1700?
0
What is the units digit of 1209?
9
What is the tens digit of 40248?
4
What is the ten thousands digit of 27795?
2
What is the thousands digit of 1409?
1
What is the units digit of 1220?
0
What is the units digit of 134?
4
What is the ten thousands digit of 18168?
1
What is the tens digit of 89445?
4
What is the units digit of 232?
2
What is the hundreds digit of 711?
7
What is the hundreds digit of 786?
7
What is the units digit of 2384?
4
What is the ten thousands digit of 45930?
4
What is the thousands digit of 7029?
7
What is the tens digit of 47385?
8
What is the units digit of 422?
2
What is the hundreds digit of 1494?
4
What is the tens digit of 1472?
7
What is the tens digit of 75586?
8
What is the ten thousands digit of 11668?
1
What is the hundreds digit of 3644?
6
What is the units digit of 45?
5
What is the tens digit of 2441?
4
What is the tens digit of 1926?
2
What is the units digit of 675?
5
What is the units digit of 46299?
9
What is the hundreds digit of 588?
5
What is the units digit of 661?
1
What is the units digit of 7030?
0
What is the units digit of 9460?
0
What is the ten thousands digit of 26420?
2
What is the ten thousands digit of 14523?
1
What is the units digit of 1431?
1
What is the tens digit of 693?
9
What is the tens digit of 517?
1
What is the units digit of 7971?
1
What is the hundreds digit of 1076?
0
What is the ten thousands digit of 30210?
3
What is the hundreds digit of 16892?
8
What is the tens digit of 90585?
8
What is the tens digit of 641?
4
What is the hundreds digit of 254?
2
What is the hundreds digit of 189?
1
What is the thousands digit of 4959?
4
What is the tens digit of 8792?
9
What is the units digit of 128?
8
What is the tens digit of 762?
6
What is the tens digit of 2313?
1
What is the units digit of 20588?
8
What is the tens digit of 3906?
0
What is the thousands digit of 37526?
7
What is the units digit of 78512?
2
What is the units digit of 662?
2
What is the tens digit of 8467?
6
What is the units digit of 1857?
7
What is the thousands digit of 4222?
4
What is the tens digit of 58843?
4
What is the hundreds digit of 58152?
1
What is the hundreds digit of 96185?
1
What is the tens digit of 1161?
6
What is the tens digit of 59478?
7
What is the hundreds digit of 509?
5
What is the hundreds digit of 45136?
1
What is the units digit of 29019?
9
What is the ten thousands digit of 19424?
1
What is the thousands digit of 114080?
4
What is the units digit of 174?
4
What is the tens digit of 5942?
4
What is the thousands digit of 2834?
2
What is the tens digit of 2073?
7
What is the thousands digit of 71009?
1
What is the hundreds digit of 202?
2
What is the units digit of 1278?
8
What is the hundreds digit of 507?
5
What is the hundreds digit of 28141?
1
What is the thousands digit of 44576?
4
What is the tens digit of 9829?
2
What is the units digit of 1593?
3
What is the hundreds digit of 25746?
7
What is the tens digit of 2350?
5
What is the tens digit of 2189?
8
What is the tens digit of 50911?
1
What is the units digit of 3523?
3
What is the tens digit of 5279?
7
What is the hundreds digit of 9695?
6
What is the units digit of 7212?
2
What is the units digit of 316?
6
What is the ten thousands digit of 18104?
1
What is the thousands digit of 5395?
5
What is the thousands digit of 73747?
3
What is the units digit of 4?
4
What is the hundreds digit of 1075?
0
What is the hundreds digit of 63276?
2
What is the tens digit of 830?
3
What is the tens digit of 173?
7
What is the hundreds digit of 308?
3
What is the tens digit of 7836?
3
What is the ten thousands digit of 15307?
1
What is the thousands digit of 25128?
5
What is the units digit of 750?
0
What is the tens digit of 1185?
8
What is the hundreds digit of 569?
5
What is the units digit of 54431?
1
What is the thousands digit of 8709?
8
What is the hundreds digit of 1470?
4
What is the hundreds digit of 1846?
8
What is the thousands digit of 3335?
3
What is the tens digit of 27652?
5
What is the hundreds digit of 448?
4
What is the thousands digit of 4299?
4
What is the tens digit of 288?
8
What is the units digit of 1825?
5
What is the ten thousands digit of 14591?
1
What is the hundreds digit of 618?
6
What is the tens digit of 6734?
3
What is the tens digit of 1276?
7
